{"id":6448,"date":"2018-12-28T09:42:38","date_gmt":"2018-12-28T09:42:38","guid":{"rendered":"https:\/\/ingemar.alenas.se\/?page_id=6448"},"modified":"2018-12-29T10:55:29","modified_gmt":"2018-12-29T10:55:29","slug":"hertingprojektet-sammanfattas","status":"publish","type":"page","link":"https:\/\/ingemar.alenas.se\/?page_id=6448","title":{"rendered":"Hertingprojektet sammanfattas"},"content":{"rendered":"<h5>2018-12-28 L\u00e4nsstyrelsen i Hallands l\u00e4n har i en publika-tion 2018:16 sammanst\u00e4llt erfarenheterna fr\u00e5n Hertingprojektet.<\/h5>\n<p>L\u00e4nsstyrelsen skriver att : &#8221;&nbsp;Syftet med slutrapporten \u00e4r att samlat beskriva erfarenheter och l\u00e4rdomar fr\u00e5n genomf\u00f6randet av projektet Hertingforsen. I rapporten har alla som deltagit under genomf\u00f6randeprocessen f\u00e5tt m\u00f6jlighet att l\u00e4mna sina synpunkter och erfarenheter som kan vara till nytta f\u00f6r de som i framtiden planerar att genomf\u00f6ra liknande projekt&#8221;.&nbsp;<\/p>\n<p>De som l\u00e4mnat sina synpunkter \u00e4r: Falkenbergs Energi, Kammarkollegiet, Skanska,&nbsp; WSP, Falkenbergs kommun, Fiskev\u00e5rdsteknik AB och L\u00e4nsstyrelsen, Kulturmilj\u00f6.<br \/>\nL\u00e4s L\u00e4nsstyrelsens rapport om samlade erfarenheter <a href=\"https:\/\/www.lansstyrelsen.se\/download\/18.2c30d6f167c5e8e7c0308\/1545225007911\/2018-16%20Herting%20-%20samlade%20erfarenheter.pdf\">h\u00e4r<\/a>.<\/p>\n<p>Falkenbergs kommun och FEAB har fr\u00e4mst l\u00e4mnat synpunkter fr\u00e5n ett best\u00e4llar- och \u00e4garperspektiv och L\u00e4nstyrelsen med avsikt p\u00e5 kulturmilj\u00f6n. Detta inneb\u00e4r att de viktiga synpunkterna p\u00e5 natur-, milj\u00f6- och h\u00e4lsa saknas i denna rapport. Liksom en analys av de ekosystemtj\u00e4nster som blivit f\u00f6ljden av projektet.<\/p>\n<p>F\u00f6r att f\u00e5 en b\u00e4ttre helhetsbild av projektets positiva milj\u00f6- och naturv\u00e5rdsaspekter kan den intresserade ta del av den rapport som skrevs av Firma Ingemar Alen\u00e4s f.d. kommunekologen i Falkenbergs kommun, och som delfinansierades av L\u00e4nsstyrelsen i Hallands l\u00e4n:<br \/>\n<a href=\"https:\/\/ingemar.alenas.se\/wp-content\/uploads\/2017\/10\/Hertingprojektet-positiva-effekter-2017-10-10.pdf\">Hertingprojektet &#8211; Positiva effekter f\u00f6r vandringsfisk i \u00c4tran 2008-2017 &#8211; med en historisk \u00e5terblick<\/a><\/p>\n<p>Rapporten fr\u00e5n Naturresurs rinnande vatten, Karlstads universitet ger \u00e4ven en inblick i projektets ekologiska konsekvenser:<br \/>\n<a href=\"https:\/\/www.havochvatten.se\/download\/18.4bb7d55f1532c20dea56efe2\/1457528579438\/slutrapport-hertingprojektet.pdf\">Slutrapport Hertingprojektet \u2013 F\u00f6rstudie och uppf\u00f6ljning av \u00e5tg\u00e4rder f\u00f6r f\u00f6rb\u00e4ttrad fiskpassage 2007-2015<\/a><\/p>\n<p>Hertingprojektet \u00e4r ett av Hallands st\u00f6rsta dammrivningsprojekt som givit m\u00e5nga l\u00e4rdomar inf\u00f6r kommande, liknande projekt. De st\u00f6rsta l\u00e4rdomarna \u00e4r de omfattande positiva effekter som projektet f\u00e5tt p\u00e5 \u00c4trans best\u00e5nd av vandringsfisk och vad det betytt f\u00f6r \u00c4trans ekosystem och f\u00f6rb\u00e4ttring av \u00c4trans internationella N2000 v\u00e4rden.<\/p>\n<p>Slutsatsen fr\u00e5n projektet beskrivs av Havs- och Vattenmyndigheten, L\u00e4nsstyrelsen, Falkenbergs kommun och Karlstads Universitet:&nbsp; &#8221;\u00c5tg\u00e4rderna f\u00f6ljer rekommendationer angivna i Havs- och vattenmyndighetens rapport, 2013:14. Den nya nedstr\u00f6mspassagen \u00e4r att betrakta som b\u00e4sta m\u00f6jliga teknik vid kraftverk av liknande storlek och typ&#8221;.<\/p>\n<p>L\u00e4s mer om B\u00e4sta M\u00f6jliga Teknik p\u00e5 Havs <a href=\"https:\/\/www.havochvatten.se\/hav\/vagledning--lagar\/vagledningar\/provning-och-tillsyn\/dammar-och-vattenkraftverk\/nya-ron-om-basta-mojliga-teknik-for-vattenkraften.html\">hemsida.<\/a><\/p>\n","protected":false},"excerpt":{"rendered":"<p>2018-12-28 L\u00e4nsstyrelsen i Hallands l\u00e4n har i en publika-tion 2018:16 sammanst\u00e4llt erfarenheterna fr\u00e5n Hertingprojektet. L\u00e4nsstyrelsen skriver att : &#8221;&nbsp;Syftet med slutrapporten \u00e4r att samlat beskriva erfarenheter och l\u00e4rdomar fr\u00e5n genomf\u00f6randet av projektet Hertingforsen. I rapporten har alla som deltagit under genomf\u00f6randeprocessen f\u00e5tt m\u00f6jlighet att l\u00e4mna sina synpunkter och erfarenheter som kan vara till nytta f\u00f6r &hellip; <a href=\"https:\/\/ingemar.alenas.se\/?page_id=6448\" class=\"more-link\">Forts\u00e4tt l\u00e4sa <span class=\"screen-reader-text\">Hertingprojektet sammanfattas<\/span> <span class=\"meta-nav\">&rarr;<\/span><\/a><\/p>\n","protected":false},"author":1,"featured_media":5130,"parent":25,"menu_order":0,"comment_status":"closed","ping_status":"closed","template":"","meta":{"ngg_post_thumbnail":0,"footnotes":""},"class_list":["post-6448","page","type-page","status-publish","has-post-thumbnail","hentry"],"_links":{"self":[{"href":"https:\/\/ingemar.alenas.se\/index.php?rest_route=\/wp\/v2\/pages\/6448","targetHints":{"allow":["GET"]}}],"collection":[{"href":"https:\/\/ingemar.alenas.se\/index.php?rest_route=\/wp\/v2\/pages"}],"about":[{"href":"https:\/\/ingemar.alenas.se\/index.php?rest_route=\/wp\/v2\/types\/page"}],"author":[{"embeddable":true,"href":"https:\/\/ingemar.alenas.se\/index.php?rest_route=\/wp\/v2\/users\/1"}],"replies":[{"embeddable":true,"href":"https:\/\/ingemar.alenas.se\/index.php?rest_route=%2Fwp%2Fv2%2Fcomments&post=6448"}],"version-history":[{"count":16,"href":"https:\/\/ingemar.alenas.se\/index.php?rest_route=\/wp\/v2\/pages\/6448\/revisions"}],"predecessor-version":[{"id":6473,"href":"https:\/\/ingemar.alenas.se\/index.php?rest_route=\/wp\/v2\/pages\/6448\/revisions\/6473"}],"up":[{"embeddable":true,"href":"https:\/\/ingemar.alenas.se\/index.php?rest_route=\/wp\/v2\/pages\/25"}],"wp:featuredmedia":[{"embeddable":true,"href":"https:\/\/ingemar.alenas.se\/index.php?rest_route=\/wp\/v2\/media\/5130"}],"wp:attachment":[{"href":"https:\/\/ingemar.alenas.se\/index.php?rest_route=%2Fwp%2Fv2%2Fmedia&parent=6448"}],"curies":[{"name":"wp","href":"https:\/\/api.w.org\/{rel}","templated":true}]}}