{"id":58,"date":"2015-02-01T08:03:09","date_gmt":"2015-02-01T08:03:09","guid":{"rendered":"http:\/\/naturligtvis.alenas.se\/?page_id=58"},"modified":"2019-04-01T21:14:37","modified_gmt":"2019-04-01T21:14:37","slug":"sidan-4","status":"publish","type":"page","link":"https:\/\/ingemar.alenas.se\/?page_id=58","title":{"rendered":"Naturfoto"},"content":{"rendered":"<p>Dokumentation av naturen \u00e4r ett av mina intressen.<br \/>\nKameran finns ofta med p\u00e5 min vandring.<br \/>\nEn bild ber\u00e4ttar mer \u00e4n 1000 ord. Och min bildbank best\u00e5r av tusentals bilder. Som alla ber\u00e4ttar en historia.<br \/>\nSe&nbsp; ber\u00e4ttelsen om den hotade \u00e5len nedan.<\/p>\n<p>N\u00e4r man ser hur fantastisk naturen \u00e4r i stort och sm\u00e5tt, s\u00e5 vaknar intresset f\u00f6r att bevara detta fantastiska, s\u00e5 att kommande generationer ocks\u00e5 f\u00e5r uppleva.&nbsp;<img decoding=\"async\" class=\"sv-noborder c911 alignright\" alt=\"\" src=\"http:\/\/www.falkenberg.se\/images\/18.444225bc14a9ab05e27ab0\/1419964617727\/%C3%A5l.jpg\"><\/p>\n<p>\u00c5lynglen kallas glas\u00e5lar n\u00e4r de kommer hit&nbsp;fr\u00e5n sin sjuhundra-milaresa fr\u00e5n Sargassohavet.&nbsp;De \u00e4r sm\u00e5 och br\u00e4ckliga och man ser hur deras hj\u00e4rta sl\u00e5r. Om man ser dem alls. Hj\u00e4rtat sl\u00e5r f\u00f6r att v\u00e4xa upp i v\u00e5ra Hall\u00e4ndska sj\u00f6ar. Kameran var med i&nbsp;Holland.<\/p>\n<p><a href=\"http:\/\/naturligtvis.alenas.se\/wp-content\/uploads\/2015\/02\/Herting-P1010144-hemsida.jpg\"><img loading=\"lazy\" decoding=\"async\" width=\"222\" height=\"409\" class=\" wp-image-134 alignright\" alt=\"OLYMPUS DIGITAL CAMERA\" src=\"http:\/\/naturligtvis.alenas.se\/wp-content\/uploads\/2015\/02\/Herting-P1010144-hemsida.jpg\" srcset=\"https:\/\/ingemar.alenas.se\/wp-content\/uploads\/2015\/02\/Herting-P1010144-hemsida.jpg 1041w, https:\/\/ingemar.alenas.se\/wp-content\/uploads\/2015\/02\/Herting-P1010144-hemsida-163x300.jpg 163w, https:\/\/ingemar.alenas.se\/wp-content\/uploads\/2015\/02\/Herting-P1010144-hemsida-555x1024.jpg 555w\" sizes=\"auto, (max-width: 222px) 100vw, 222px\" \/><\/a>Framme vid \u00e5n&nbsp;kommer&nbsp;kraft-verksdammar i deras v\u00e4g. De kl\u00e4ttrar f\u00f6rg\u00e4ves uppf\u00f6r lodr\u00e4ta betongmurar men v\u00e4ggen \u00e4r dem \u00f6verm\u00e4ktig.&nbsp;Kameran var med vid Hertingdammen kl.&nbsp;00:00. Stopp.&nbsp;Men dammen \u00e4r nu ett minne blott. Och ynglen kan vandra vidare p\u00e5 sin v\u00e4g mot ok\u00e4nt m\u00e5l. Kanske var det Hj\u00e4rtaredssj\u00f6n d\u00e4r de kan v\u00e4xa sig stora under 15 \u00e5r. D\u00e4refter \u00e4r de &#8221;fullvuxna&#8221; och klarar att vandra tillbaka de 700 milen till Sargassohavet f\u00f6r att fira br\u00f6llop p\u00e5 sin 25 \u00e5rs dag.<\/p>\n<p>Men kraftverksgaller och turbiner \u00e4r n\u00e4sta fara. Kameran var med vid \u00c4trafors 07:00. I skydd av m\u00f6rkret trodde \u00e5larna att de var s\u00e4kra men galler och turbiner blev hundra lek\u00e5lars \u00f6de. Hertingdammen \u00e4r borta och gallret vid \u00c4trafors \u00e4r nu mer fisks\u00e4kert. Hundratals hinder kvarst\u00e5r.<\/p>\n<p><a href=\"http:\/\/naturligtvis.alenas.se\/wp-content\/uploads\/2015\/02\/\u00c4trafors-\u00e5lar-P2190019.jpg\"><img loading=\"lazy\" decoding=\"async\" width=\"1763\" height=\"1136\" class=\"alignnone size-full wp-image-139\" alt=\"OLYMPUS DIGITAL CAMERA\" src=\"http:\/\/naturligtvis.alenas.se\/wp-content\/uploads\/2015\/02\/\u00c4trafors-\u00e5lar-P2190019.jpg\" srcset=\"https:\/\/ingemar.alenas.se\/wp-content\/uploads\/2015\/02\/\u00c4trafors-\u00e5lar-P2190019.jpg 1763w, https:\/\/ingemar.alenas.se\/wp-content\/uploads\/2015\/02\/\u00c4trafors-\u00e5lar-P2190019-300x193.jpg 300w, https:\/\/ingemar.alenas.se\/wp-content\/uploads\/2015\/02\/\u00c4trafors-\u00e5lar-P2190019-1024x660.jpg 1024w\" sizes=\"auto, (max-width: 1763px) 100vw, 1763px\" \/><\/a><\/p>\n<p>Kameran har dokumenterat. \u00c5len \u00e4r hotad. Endast 1% av best\u00e5ndet \u00e4r nu kvar av de ca en&nbsp;miljon \u00e5lar som varje \u00e5r simmade upp i \u00c4tran. \u00c5tg\u00e4rder har p\u00e5b\u00f6rjats och en \u00e5lyngelledare installerades 2006 i \u00c4tran. Den r\u00e4ddade 100 000 \u00e5lyngel fram&nbsp;till 2013 n\u00e4r Herting-dammen revs. Mera \u00e5tg\u00e4rder m\u00e5ste vidtas. F\u00f6r inte vill v\u00e4l&nbsp;vi vara den generation som fick \u00e5lens hj\u00e4rta att sluta sl\u00e5? Men det finns hopp. Tio \u00e5r efter \u00e5lyngelledaren vid Herting ansl\u00e5r nu Formas tre miljoner kronor till ett forskningsprojekt f\u00f6r att finna l\u00f6sningar f\u00f6r den akut hotade \u00e5len.<\/p>\n<p>Docent Olle Calles vid Karlstads Universitet&nbsp;f\u00e5r 1 000 000 kr&nbsp;i forskningsmedel \u00e5rligen av Formas 2016, 2017 och 2018 f\u00f6r att se hur man skall hj\u00e4lpa \u00e5lynglen att \u00f6verleva. (Det skulle ha motsvarat en krona per \u00e5l som fordom vandrade upp i \u00c4tran !) L\u00e4s <a href=\"http:\/\/proj.formas.se\/detail.asp?arendeid=8831&amp;x=250&amp;y=20&amp;sprak=2&amp;redovisning=0\">mer<\/a>.<br \/>\nL\u00e4s mer om <a href=\"http:\/\/www.nrrv.se\/wp-content\/uploads\/2012\/11\/Calles-et-al-2012-%C3%85l-i-%C3%84tran-KUS-2012-43.pdf\" target=\"_blank\" rel=\"noopener noreferrer\">\u00c5l i \u00c4tran<\/a>.&nbsp; <a href=\"http:\/\/sverigesradio.se\/sida\/artikel.aspx?programid=128&amp;artikel=6134791\" target=\"_blank\" rel=\"noopener noreferrer\">\u00c4lvr\u00e4ddarna<\/a> om \u00e5len. Forts\u00e4ttning f\u00f6ljer.<br \/>\n\u00c5l p\u00e5 <a href=\"http:\/\/www.nrrv.se\/2016\/03\/al-och-alforskning-pa-radio\/\">Naturmorgon P1.<\/a>&nbsp;Anders Nilsson ber\u00e4ttar om \u00e5lens liv.<\/p>\n<p><span style=\"color: #666666; font-family: Helvetica;\">Ny rapport sept. 2015&nbsp;fr\u00e5n WWF, \u00c4lvr\u00e4ddarna, Sportfiskarna och Naturskyddsf\u00f6reningen. <a href=\"http:\/\/www.alvraddarna.se\/assets\/dokument\/rikedomar_vatten_web.pdf\" target=\"_blank\" rel=\"noopener noreferrer\">Rikedomar i rinnande vatten.<\/a><\/span><\/p>\n<p>Artikel 2016 Hallands Natur. Hur \u00e4r det med den biologiska m\u00e5ngfalden i Havet? Vad \u00e4r det f\u00f6r slag som p\u00e5g\u00e5r under t\u00e5ngb\u00e4ltet? L\u00e4s mer och se n\u00e5gra foton&nbsp;h\u00e4r <a href=\"http:\/\/ingemar.alenas.se\/wp-content\/uploads\/2015\/02\/HN201629-33-1.pdf\">HN2016,29-33 (1)<\/a><\/p>\n","protected":false},"excerpt":{"rendered":"<p>Dokumentation av naturen \u00e4r ett av mina intressen. Kameran finns ofta med p\u00e5 min vandring. En bild ber\u00e4ttar mer \u00e4n 1000 ord. Och min bildbank best\u00e5r av tusentals bilder. Som alla ber\u00e4ttar en historia. Se&nbsp; ber\u00e4ttelsen om den hotade \u00e5len nedan. N\u00e4r man ser hur fantastisk naturen \u00e4r i stort och sm\u00e5tt, s\u00e5 vaknar intresset &hellip; <a href=\"https:\/\/ingemar.alenas.se\/?page_id=58\" class=\"more-link\">Forts\u00e4tt l\u00e4sa <span class=\"screen-reader-text\">Naturfoto<\/span> <span class=\"meta-nav\">&rarr;<\/span><\/a><\/p>\n","protected":false},"author":1,"featured_media":0,"parent":0,"menu_order":7,"comment_status":"closed","ping_status":"closed","template":"","meta":{"ngg_post_thumbnail":0,"footnotes":""},"class_list":["post-58","page","type-page","status-publish","hentry"],"_links":{"self":[{"href":"https:\/\/ingemar.alenas.se\/index.php?rest_route=\/wp\/v2\/pages\/58","targetHints":{"allow":["GET"]}}],"collection":[{"href":"https:\/\/ingemar.alenas.se\/index.php?rest_route=\/wp\/v2\/pages"}],"about":[{"href":"https:\/\/ingemar.alenas.se\/index.php?rest_route=\/wp\/v2\/types\/page"}],"author":[{"embeddable":true,"href":"https:\/\/ingemar.alenas.se\/index.php?rest_route=\/wp\/v2\/users\/1"}],"replies":[{"embeddable":true,"href":"https:\/\/ingemar.alenas.se\/index.php?rest_route=%2Fwp%2Fv2%2Fcomments&post=58"}],"version-history":[{"count":25,"href":"https:\/\/ingemar.alenas.se\/index.php?rest_route=\/wp\/v2\/pages\/58\/revisions"}],"predecessor-version":[{"id":7195,"href":"https:\/\/ingemar.alenas.se\/index.php?rest_route=\/wp\/v2\/pages\/58\/revisions\/7195"}],"wp:attachment":[{"href":"https:\/\/ingemar.alenas.se\/index.php?rest_route=%2Fwp%2Fv2%2Fmedia&parent=58"}],"curies":[{"name":"wp","href":"https:\/\/api.w.org\/{rel}","templated":true}]}}