{"id":25,"date":"2015-01-31T21:55:18","date_gmt":"2015-01-31T21:55:18","guid":{"rendered":"http:\/\/naturligtvis.alenas.se\/?page_id=25"},"modified":"2022-09-06T08:00:51","modified_gmt":"2022-09-06T08:00:51","slug":"sid-3","status":"publish","type":"page","link":"https:\/\/ingemar.alenas.se\/?page_id=25","title":{"rendered":"Hertingprojektet"},"content":{"rendered":"<p><a href=\"http:\/\/naturligtvis.alenas.se\/wp-content\/uploads\/2015\/01\/FALKENBERG-Halland-\u00c4tran-Laxauktion-Lax-Fiske-18691180_2.jpg\"><img loading=\"lazy\" decoding=\"async\" class=\"alignnone size-full wp-image-142\" src=\"http:\/\/naturligtvis.alenas.se\/wp-content\/uploads\/2015\/01\/FALKENBERG-Halland-\u00c4tran-Laxauktion-Lax-Fiske-18691180_2.jpg\" alt=\"FALKENBERG Halland \u00c4tran Laxauktion Lax Fiske 18691180_2\" width=\"1205\" height=\"866\" srcset=\"https:\/\/ingemar.alenas.se\/wp-content\/uploads\/2015\/01\/FALKENBERG-Halland-\u00c4tran-Laxauktion-Lax-Fiske-18691180_2.jpg 1205w, https:\/\/ingemar.alenas.se\/wp-content\/uploads\/2015\/01\/FALKENBERG-Halland-\u00c4tran-Laxauktion-Lax-Fiske-18691180_2-300x216.jpg 300w, https:\/\/ingemar.alenas.se\/wp-content\/uploads\/2015\/01\/FALKENBERG-Halland-\u00c4tran-Laxauktion-Lax-Fiske-18691180_2-1024x736.jpg 1024w\" sizes=\"auto, (max-width: 1205px) 100vw, 1205px\" \/><\/a>Falkenbergs kommun har arbetat med laxfisket sedan 1800-talet.<br \/>\nBorgm\u00e4starens l\u00f6n betalades med inkomster fr\u00e5n stadens fiske.<br \/>\nSom f.d.&nbsp;kommunekolog i Falkenberg har jag arbetet med laxfisket, kalkningsprojekt&nbsp;och fria vandringsv\u00e4gar&nbsp;i 25 \u00e5r sedan 1990-talet.<br \/>\nDe senaste \u00e5rens arbete finns sammanfattat i rapporten<br \/>\n<a href=\"https:\/\/ingemar.alenas.se\/wp-content\/uploads\/2017\/10\/Hertingprojektet-positiva-effekter-2017-10-10.pdf\">Hertingprojektet positiva effekter 2017-10-10<\/a><br \/>\n<a href=\"https:\/\/www.havochvatten.se\/download\/18.4bb7d55f1532c20dea56efe2\/1457528579438\/slutrapport-hertingprojektet.pdf\">Slutrapport Hertingprojektet 2007-2015<\/a><\/p>\n<p><a href=\"http:\/\/naturligtvis.alenas.se\/wp-content\/uploads\/2015\/01\/lax2.jpg\"><img loading=\"lazy\" decoding=\"async\" class=\"alignnone size-full wp-image-143\" src=\"http:\/\/naturligtvis.alenas.se\/wp-content\/uploads\/2015\/01\/lax2.jpg\" alt=\"lax2\" width=\"820\" height=\"463\" srcset=\"https:\/\/ingemar.alenas.se\/wp-content\/uploads\/2015\/01\/lax2.jpg 820w, https:\/\/ingemar.alenas.se\/wp-content\/uploads\/2015\/01\/lax2-300x169.jpg 300w\" sizes=\"auto, (max-width: 820px) 100vw, 820px\" \/><\/a><\/p>\n<p>Fiskr\u00e4knare Herting <a href=\"http:\/\/fiskdata.se\/raknare\/live\/live.php?locationId=1\">Webbkamera live<\/a><br \/>\nHerting projektet trailer <a href=\"https:\/\/www.youtube.com\/watch?v=biL3rKevUg0\">flygbilder med dr\u00f6nare<\/a><\/p>\n<p>Under 70 \u00e5r (1944-2014) st\u00f6tte lax och havs\u00f6ring nosen i Hertingdammen.&nbsp;Min kamera dokumenterade denna&nbsp;fotohistoria och fisken har nu&nbsp;fri vandring. (Bilden \u00e4r inte fotomontage)<br \/>\nSe \u00e4ven under <a href=\"http:\/\/ingemar.alenas.se\/?cat=3\">Vattenbl\u00e4nk.<\/a><\/p>\n<p>L\u00e5ngsiktigt fiskev\u00e5rdsarbete och medveten h\u00e5llbarhetsstrategi har lett fram till att \u00c4tran nu brusar fram i <a href=\"http:\/\/ingemar.alenas.se\/?page_id=1192\" target=\"_blank\" rel=\"noopener noreferrer\">Hertingforsen <\/a>p\u00e5 samma s\u00e4tt som innan kraftverksdammen byggdes 1944-45. Laxen och vandringsfisken har nu f\u00e5tt&nbsp;fri lejd&nbsp;vid Herting efter att ha varit inst\u00e4ngda i 70 \u00e5r! Flugfisket i forsen \u00f6ppnades 2018-04-01. L\u00e4s om n\u00e5gra flugfiskares upplevelser <a href=\"http:\/\/fiskebloggen.com\/days-in-falkenberg\/\">h\u00e4r.&nbsp;&nbsp;<\/a><\/p>\n<p>Vill ni veta mera? Kontakta mig f\u00f6r guidning vid forsen!<br \/>\nL\u00e4s mer <a href=\"https:\/\/www.falkenberg.se\/upptack\/naturen\/guidning-i-naturen.html\">h\u00e4r.<\/a><\/p>\n<p>Estlands &#8221;Hertingprojekt&#8221;<br \/>\nL\u00e4s mer <a href=\"https:\/\/www.damremoval.eu\/3300km-of-free-flowing-river\/?fbclid=IwAR1PqKKKp7AhA1zPHwCI-cpZpwtFO2HEKwU6vqBfTXn1M-JYfq7P9zSelBc\">h\u00e4r<\/a><\/p>\n<p>Rapport Hertingprojektet positiva effekter 2008-2017<br \/>\nL\u00e4s mer <a href=\"https:\/\/www.havochvatten.se\/download\/18.1d58828a15f50337fd4cad40\/1509440339943\/rapport-hertingprojektet-positiva-effekter-vandringsfisk-atran-2008-2017.pdf\">h\u00e4r<\/a><\/p>\n<p>Hemsida Havs- och Vattenmyndigheten <a href=\"https:\/\/www.havochvatten.se\/hav\/fiske--fritid\/miljopaverkan\/fysisk-paverkan\/restaurering-i-vatten\/herting.html\">Herting<\/a><br \/>\nHemsida L\u00e4nsstyrelsen <a href=\"http:\/\/www.lansstyrelsen.se\/halland\/Sv\/miljo-och-klimat\/vatten-och-vattenanvandning\/Pages\/projekt-hertingforsen.aspx\">Hertingprojektet.<\/a><br \/>\nHemsida Falkenbergs kommun <a href=\"http:\/\/www.falkenberg.se\/1\/bygga-bo--miljo\/naturvard\/naturvardsprojekt\/hertingprojektet.html#.VOuZMOl0wy8\" target=\"_blank\" rel=\"noopener noreferrer\">Hertingprojektet<\/a><br \/>\nHertingprojektet &#8211; ett lyft f\u00f6r \u00c4trans unika laxbest\u00e5nd <a href=\"http:\/\/www.hn.se\/%C3%A5sikter\/ordet-%C3%A4r-fritt\/hertingprojektet-ett-lyft-f%C3%B6r-%C3%A4trans-unika-laxbest%C3%A5nd-1.1754068\">HN<\/a><br \/>\nSe film om \u00c4tran och Hertingforsen <a title=\"Fria vatten\" href=\"https:\/\/www.youtube.com\/watch?v=Hv5WnfIsxXk\" target=\"_blank\" rel=\"noopener noreferrer\">Fria Vatten<\/a><br \/>\nL\u00e4s mera <a href=\"http:\/\/link.springer.com\/chapter\/10.1007\/978-3-642-79309-7_14\" target=\"_blank\" rel=\"noopener noreferrer\">H\u00f6gvads\u00e5ns kalkningsprojekt<\/a><\/p>\n<p>L\u00e4s mer om Hertingprojektet<br \/>\n<a href=\"https:\/\/www.lansstyrelsen.se\/download\/18.2c30d6f167c5e8e7c0308\/1545225007911\/2018-16%20Herting%20-%20samlade%20erfarenheter.pdf\">L\u00e4nsstyrelsens Meddelande 2018:16<\/a><br \/>\n<a href=\"http:\/\/ingemar.alenas.se\/wp-content\/uploads\/2015\/01\/\u00c4lvr\u00e4ddaren-2016-Tillbaka-till-framtiden.pdf\" rel=\"\">\u00c4lvr\u00e4ddaren 2016 Tillbaka till framtiden<\/a><\/p>\n<p>Fauna &amp; Flora no 2 2022<\/p>\n<p>&nbsp;<\/p>\n","protected":false},"excerpt":{"rendered":"<p>Falkenbergs kommun har arbetat med laxfisket sedan 1800-talet. Borgm\u00e4starens l\u00f6n betalades med inkomster fr\u00e5n stadens fiske. Som f.d.&nbsp;kommunekolog i Falkenberg har jag arbetet med laxfisket, kalkningsprojekt&nbsp;och fria vandringsv\u00e4gar&nbsp;i 25 \u00e5r sedan 1990-talet. De senaste \u00e5rens arbete finns sammanfattat i rapporten Hertingprojektet positiva effekter 2017-10-10 Slutrapport Hertingprojektet 2007-2015 Fiskr\u00e4knare Herting Webbkamera live Herting projektet trailer flygbilder &hellip; <a href=\"https:\/\/ingemar.alenas.se\/?page_id=25\" class=\"more-link\">Forts\u00e4tt l\u00e4sa <span class=\"screen-reader-text\">Hertingprojektet<\/span> <span class=\"meta-nav\">&rarr;<\/span><\/a><\/p>\n","protected":false},"author":1,"featured_media":5205,"parent":0,"menu_order":3,"comment_status":"closed","ping_status":"closed","template":"","meta":{"ngg_post_thumbnail":0,"footnotes":""},"class_list":["post-25","page","type-page","status-publish","has-post-thumbnail","hentry"],"_links":{"self":[{"href":"https:\/\/ingemar.alenas.se\/index.php?rest_route=\/wp\/v2\/pages\/25","targetHints":{"allow":["GET"]}}],"collection":[{"href":"https:\/\/ingemar.alenas.se\/index.php?rest_route=\/wp\/v2\/pages"}],"about":[{"href":"https:\/\/ingemar.alenas.se\/index.php?rest_route=\/wp\/v2\/types\/page"}],"author":[{"embeddable":true,"href":"https:\/\/ingemar.alenas.se\/index.php?rest_route=\/wp\/v2\/users\/1"}],"replies":[{"embeddable":true,"href":"https:\/\/ingemar.alenas.se\/index.php?rest_route=%2Fwp%2Fv2%2Fcomments&post=25"}],"version-history":[{"count":39,"href":"https:\/\/ingemar.alenas.se\/index.php?rest_route=\/wp\/v2\/pages\/25\/revisions"}],"predecessor-version":[{"id":12709,"href":"https:\/\/ingemar.alenas.se\/index.php?rest_route=\/wp\/v2\/pages\/25\/revisions\/12709"}],"wp:featuredmedia":[{"embeddable":true,"href":"https:\/\/ingemar.alenas.se\/index.php?rest_route=\/wp\/v2\/media\/5205"}],"wp:attachment":[{"href":"https:\/\/ingemar.alenas.se\/index.php?rest_route=%2Fwp%2Fv2%2Fmedia&parent=25"}],"curies":[{"name":"wp","href":"https:\/\/api.w.org\/{rel}","templated":true}]}}