{"id":2222,"date":"2016-02-22T10:04:56","date_gmt":"2016-02-22T10:04:56","guid":{"rendered":"http:\/\/ingemar.alenas.se\/?page_id=2222"},"modified":"2022-02-14T22:03:07","modified_gmt":"2022-02-14T22:03:07","slug":"kalkning","status":"publish","type":"page","link":"https:\/\/ingemar.alenas.se\/?page_id=2222","title":{"rendered":"Kalkning"},"content":{"rendered":"<p><strong>Kalkning i 40 \u00e5r f\u00f6r framtiden<\/strong><\/p>\n<p>F\u00f6r 44 \u00e5r sedan b\u00f6rjade jag min bana med kalkningsverksamheten p\u00e5 Institutet f\u00f6r Vatten och Luftv\u00e5rdsforskning (IVL) i G\u00f6teborg. 1978 startade IVL vad som d\u00e5 var ett av de st\u00f6rsta statliga kalkningsprojekten i H\u00e4rskogens friluftsomr\u00e5de utanf\u00f6r G\u00f6teborg. Vi testade olika spridningsmetoder och kalksorter f\u00f6r att se vad som fungerade b\u00e4st.&nbsp; F\u00f6r 32 \u00e5r sedan flyttade jag till Falkenberg och&nbsp; fick hand om H\u00f6gvads\u00e5ns kalkningsprojekt som var ett av de mest omfattande kalkningsprojekten i rinnande vatten. Sedan dess har mycket vatten runnit under broarna. Och ca 5 miljoner ton kalk har spritts i svenska sj\u00f6ar och vattendrag till en kostnad av ca 5 miljarder kronor!<\/p>\n<p>2010 fick Falkenbergs kommun EU-bidrag f\u00f6r att genomf\u00f6ra kalkning av ett tiotal f\u00f6rsurade, okalkade sj\u00f6ar i Falkenbergs inland. Fortfarande finns hundratals sura sj\u00f6ar i V\u00e4stsverige. Anslaget till kalknings\u00e5tg\u00e4rder g\u00e4ller fr\u00e4mst m\u00e5lsj\u00f6ar &gt;10 ha varf\u00f6r mer \u00e4n h\u00e4lften av V\u00e4stsveriges f\u00f6rsurade sj\u00f6ar inte kalkas.<\/p>\n<p>Nu kablar TT och&nbsp;medierna ut resultaten fr\u00e5n en ny, unik studie som visar att 40 \u00e5rs kalkning har varit bra f\u00f6r fisken! Ibland \u00e4r det sk\u00f6nt att f\u00e5 bekr\u00e4ftelse p\u00e5 det vi redan visste, s\u00e4rskilt som det funnits en viss avundsjuka och &#8221;smutskastning&#8221; av kalkningsverksamheten. Och f\u00f6rvisso, om inte G\u00f6sta Edman och Bertil Johansson tillsammans med l\u00e4nsstyrelsen i Halland&nbsp;varit pionj\u00e4rer och p\u00e5b\u00f6rjat kalkningen av H\u00f6gvads\u00e5n 1978 hade laxens och \u00e5lens barnkammare varit tillspillogiven och alla&nbsp;yngel drabbats av f\u00f6rsurningsd\u00f6den&nbsp;i dessa omr\u00e5den.<br \/>\n<a href=\"http:\/\/ingemar.alenas.se\/wp-content\/uploads\/2016\/02\/IMG_8972.jpg\" rel=\"attachment wp-att-2233\"><img loading=\"lazy\" decoding=\"async\" class=\"wp-image-2233 size-full alignright\" src=\"http:\/\/ingemar.alenas.se\/wp-content\/uploads\/2016\/02\/IMG_8972.jpg\" alt=\"IMG_8972\" width=\"1000\" height=\"574\" srcset=\"https:\/\/ingemar.alenas.se\/wp-content\/uploads\/2016\/02\/IMG_8972.jpg 1000w, https:\/\/ingemar.alenas.se\/wp-content\/uploads\/2016\/02\/IMG_8972-300x172.jpg 300w, https:\/\/ingemar.alenas.se\/wp-content\/uploads\/2016\/02\/IMG_8972-768x441.jpg 768w\" sizes=\"auto, (max-width: 1000px) 100vw, 1000px\" \/><\/a><\/p>\n<p>Det \u00e4r \u00e4ven sk\u00f6nt att alla innovativa entrepren\u00f6rer och konsulter f\u00e5r ett kvitto p\u00e5 att&nbsp;deras l\u00e5ngsiktiga arbete \u00e4r ett&nbsp;betydelsefullt bidrag till milj\u00f6m\u00e5let levande sj\u00f6ar och vattendrag.<\/p>\n<p>Det ger \u00e4ven en framtidstro d\u00e5 man kan l\u00e4sa i <a href=\"https:\/\/www.havochvatten.se\/download\/18.2daa1277152c4afdb30da92\/1455092993769\/rapport-2015-23-kalk-elfiske.pdf\">rapporten <\/a>fr\u00e5n&nbsp;<a href=\"https:\/\/issuu.com\/havochvatten\/docs\/hav-och-vatten-2016-1\/7?e=14254185\/33484711\">Hav &amp; Vatten<\/a>:<\/p>\n<p><em><span style=\"color: #000000;\">\u201cI handboken fr\u00e5n 2010 \u00e4ndrades systemet, vilket innebar att pH-m\u00e5let 6,3 togs bort och att 6,0 endast anv\u00e4nds f\u00f6r lax och f\u00f6r m\u00f6rt i sj\u00f6ar (Naturv\u00e5rdsverket 2010a). F\u00f6r \u00f6vriga fiskarter till\u00e4mpas pH-m\u00e5let 5,6. Enligt EU:s vattendirektiv ska f\u00f6rsurade vattendrag restaureras till minst god ekologisk status och v\u00e5r slutsats \u00e4r att ett pH-m\u00e5l under 6,0 f\u00f6rs\u00e4mrar f\u00f6ruts\u00e4ttningarna att uppn\u00e5 detta\u201d. \u201cF\u00f6r elritsa kr\u00e4vdes ett l\u00e4gsta pH p\u00e5 minst 6,0 f\u00f6r att uppn\u00e5 en reproduktionsframg\u00e5ng som i neutrala referenser och f\u00f6r simpor ett l\u00e4gsta pH som \u00f6versteg 6,2 (Figur 12)\u201d.<\/span><\/em><\/p>\n<p>Rapporten utg\u00f6r inte n\u00e5got st\u00e4llningstagande fr\u00e5n Havs- och vattenmyndigheten. Men det skulle f\u00f6rv\u00e5na om man f\u00f6rst best\u00e4ller en 40 \u00e5rig expertutredning som kommer fram till att nu skall vi&nbsp;\u00e5terg\u00e5 till de tidigare h\u00f6gre pH-m\u00e5len med 6,0 och 6,3 och sedan inte f\u00f6ljer r\u00e5det. Myndigheten mister trov\u00e4rdigheten om man&nbsp;kr\u00e4ver att andra skall&nbsp;f\u00f6lja milj\u00f6kvalitetsnormer och milj\u00f6m\u00e5l om man sj\u00e4lv ger anvisningar som bryter mot EU:s vattendirektiv.<\/p>\n<p>Slutsatsen blir att myndigheterna nu&nbsp;kommer att besluta om att&nbsp;\u00e5terg\u00e5 till de tidigare h\u00f6gre pH-m\u00e5len med 6,0 och 6,3 f\u00f6r att f\u00e5 \u00f6nskad biologisk effekt.<\/p>\n<p>Tillsammans med m\u00f6jligheten att f\u00e5 EU-bidrag f\u00f6r kalkning enligt &#8221;Falkenbergsmodellen&#8221;&nbsp;ger detta en framtidstro f\u00f6r den svenska kalkningsverksamheten och f\u00f6r fiskrika sj\u00f6ar och vattendrag!<\/p>\n","protected":false},"excerpt":{"rendered":"<p>Kalkning i 40 \u00e5r f\u00f6r framtiden F\u00f6r 44 \u00e5r sedan b\u00f6rjade jag min bana med kalkningsverksamheten p\u00e5 Institutet f\u00f6r Vatten och Luftv\u00e5rdsforskning (IVL) i G\u00f6teborg. 1978 startade IVL vad som d\u00e5 var ett av de st\u00f6rsta statliga kalkningsprojekten i H\u00e4rskogens friluftsomr\u00e5de utanf\u00f6r G\u00f6teborg. Vi testade olika spridningsmetoder och kalksorter f\u00f6r att se vad som fungerade &hellip; <a href=\"https:\/\/ingemar.alenas.se\/?page_id=2222\" class=\"more-link\">Forts\u00e4tt l\u00e4sa <span class=\"screen-reader-text\">Kalkning<\/span> <span class=\"meta-nav\">&rarr;<\/span><\/a><\/p>\n","protected":false},"author":1,"featured_media":2225,"parent":0,"menu_order":3,"comment_status":"closed","ping_status":"closed","template":"","meta":{"ngg_post_thumbnail":0,"footnotes":""},"class_list":["post-2222","page","type-page","status-publish","has-post-thumbnail","hentry"],"_links":{"self":[{"href":"https:\/\/ingemar.alenas.se\/index.php?rest_route=\/wp\/v2\/pages\/2222","targetHints":{"allow":["GET"]}}],"collection":[{"href":"https:\/\/ingemar.alenas.se\/index.php?rest_route=\/wp\/v2\/pages"}],"about":[{"href":"https:\/\/ingemar.alenas.se\/index.php?rest_route=\/wp\/v2\/types\/page"}],"author":[{"embeddable":true,"href":"https:\/\/ingemar.alenas.se\/index.php?rest_route=\/wp\/v2\/users\/1"}],"replies":[{"embeddable":true,"href":"https:\/\/ingemar.alenas.se\/index.php?rest_route=%2Fwp%2Fv2%2Fcomments&post=2222"}],"version-history":[{"count":29,"href":"https:\/\/ingemar.alenas.se\/index.php?rest_route=\/wp\/v2\/pages\/2222\/revisions"}],"predecessor-version":[{"id":11831,"href":"https:\/\/ingemar.alenas.se\/index.php?rest_route=\/wp\/v2\/pages\/2222\/revisions\/11831"}],"wp:featuredmedia":[{"embeddable":true,"href":"https:\/\/ingemar.alenas.se\/index.php?rest_route=\/wp\/v2\/media\/2225"}],"wp:attachment":[{"href":"https:\/\/ingemar.alenas.se\/index.php?rest_route=%2Fwp%2Fv2%2Fmedia&parent=2222"}],"curies":[{"name":"wp","href":"https:\/\/api.w.org\/{rel}","templated":true}]}}